prime factors of v(12)?
3, 797
Let d = -538 - -291. What are the prime factors of (d/(-19))/(2/94 - 0)?
13, 47
Let g = -47 + 67. What are the prime factors of -5*((-1467)/g + 3/(-12))?
2, 23
Let a = -274 - -544. Suppose -a = 3*f - 9*f. Suppose f = 4*p - 219. List the prime factors of p.
2, 3, 11
Let l = 6798 + -2846. Suppose -4*i - l = -12*i. What are the prime factors of i?
2, 13, 19
Let i be 16 + 6*(-3)/6. Let u = i - 4. Suppose 4*r + 210 = u*r. What are the prime factors of r?
2, 3, 7
Let l(w) = -4*w + 768. Let c be l(0). Suppose 51*g - c = 50*g. What are the prime factors of g?
2, 3
Let z(q) = -q + 1. Let w(p) = -5*p + 9. Let s(n) = w(n) - 2*z(n). Let c be s(1). Suppose -c*o = 5*o - 801. What are the prime factors of o?
89
Suppose 3*l - 40 = -5*v, 33*v = 35*v - 2*l. Suppose -1428 = -3*u + 3*t, -t + 1336 = v*u - 1044. What are the prime factors of u?
2, 7, 17
What are the prime factors of 1906/((-52)/(-28) - (-16)/112)?
953
Suppose -12059 = 3*u + 3*l - 91622, 26545 = u + 5*l. What are the prime factors of u?
5, 5303
Let d = -6312 + 14562. What are the prime factors of d?
2, 3, 5, 11
Let c = 30 - 24. Suppose 0 = 3*g + c*g - 972. Let j = g + -60. What are the prime factors of j?
2, 3
Suppose 2*t + 37 = -l, l - 23 = 3*t + 25. Let s(k) = -k**3 - 15*k**2 + 16*k + 6. Let h be s(t). Suppose 2*w = -4*w + h. What are the prime factors of w?
2, 13
Suppose 0*p - 6601 - 5039 = -2*p. List the prime factors of p.
2, 3, 5, 97
Let r be (-16)/(-10) + (-94)/(-235). Suppose -13*y = -11*y + r, 193 = s - 2*y. List the prime factors of s.
191
Let r = -2546 - -1834. Let j(m) = -m**2 + 6*m + 4. Let w be j(6). What are the prime factors of r/(-56) + w/14?
13
Suppose -3*k - 1166 = -2*p, 2*p + 5*k = 214 + 936. Suppose 2*a + 1301 = 3*g, 145 - p = -g + 2*a. List the prime factors of g.
433
Let m be (0 - (-5)/15)*15. Suppose 0 = -m*d + 3*d + 78. Suppose -d = -z + 2*r + 48, 4*z = -r + 321. What are the prime factors of z?
3
Suppose 0 = -6*f - 0*f - 5178. Let m = -609 - f. List the prime factors of m.
2, 127
Let u(b) = -5*b + 12. Let h be u(2). Suppose 0 = h*a + 5*r - 779, -4*a + 12*r - 14*r = -1534. What are the prime factors of a?
2, 191
Let w be (18/48)/((-3)/(-2402))*4. Suppose -n + w = 2*x, -8*x = -4*n - 3*x + 4791. List the prime factors of n.
11, 109
Let y(l) be the second derivative of -l**5/20 - l**4/12 + 4*l**3/3 + l**2 - 2*l. Let n(h) = h**2 - 5*h - 41. Let m be n(-4). What are the prime factors of y(m)?
2, 31
Suppose 0*w = 2*w - 1640. Let j = w - 298. What are the prime factors of j?
2, 3, 29
Let p(y) = 1207*y - 277. List the prime factors of p(9).
2, 67, 79
Let h = 765 + -700. Let t be ((49 - -1) + 2)*1. Let i = t + h. What are the prime factors of i?
3, 13
Let t(k) = -k**3 - 10*k**2 - 8*k + 7. Let r be t(-9). Let m be 42*(2 - (-1)/r - 3). Let g = 96 + m. What are the prime factors of g?
3, 11
Suppose 348*n - 326*n - 463342 = 0. What are the prime factors of n?
21061
Suppose 4*d = 5*z - 73952, -2*d - 29578 = 31*z - 33*z. List the prime factors of z.
2, 3, 137
Let y(x) be the second derivative of x**4/12 + 7*x**3/2 - 45*x**2/2 + 17*x. Let m be y(-23). List the prime factors of (2/(-5))/(m/(-660)).
2, 3, 11
Let v be 56/(-42) + 38/6. Suppose v*f = -3*o + 5616, 0 = -2*o - 20*f + 24*f + 3722. What are the prime factors of o?
1867
Suppose -129*y + 1659778 + 3096839 = 0. What are the prime factors of y?
3, 17, 241
List the prime factors of (-24 + 23)/((-2724755)/4086885 - (-2)/3).
17, 31, 47
List the prime factors of 16 - (23 - 23) - -23221.
19, 1223
Let m(s) = -6*s**3 + 2*s**2 + 46*s + 55. What are the prime factors of m(-7)?
1889
Let a(k) = 9*k**2 + 5*k**2 + 13*k**2 - 9 + 49*k - k**2 - 12*k**2. What are the prime factors of a(-9)?
2, 3, 19
Suppose 100*s = -374*s + 11074321 - 1053487. What are the prime factors of s?
3, 29
Let p(d) = 2*d**3 - 49*d**2 + 24*d - 41. Let y be p(24). List the prime factors of (3/((-6)/(-13)))/(y/(-574)).
7, 13
Suppose 6*h = 2*h - 40. Let t be (12/h)/(16/(-40)). Suppose 4*x + 0*x = -2*m + 304, 4*m - 593 = -t*x. What are the prime factors of m?
2, 73
Let b(s) = 1693*s**2 - 8*s - 162. What are the prime factors of b(5)?
3, 19, 739
What are the prime factors of (-2)/(-8) + 2547302/296?
2, 13, 331
Let f be (35/10 - 2)*76. Let j = f + -164. Let y = -7 - j. What are the prime factors of y?
43
Let o = 53 + -50. Let m be (o/1)/((-6)/(-10)). Suppose -3*p - a = -m*a - 124, -28 = -p - 2*a. List the prime factors of p.
2, 3
Suppose 56 = -4*w + 4*z + 264, -z + 236 = 5*w. Let d = w - 42. Suppose d*v - 126 = 3*v. What are the prime factors of v?
2, 3, 7
Let r = -1987 + 4798. What are the prime factors of r?
3, 937
Let k = 7157 - 6269. List the prime factors of k.
2, 3, 37
Suppose 1094 = 2*h + 5*y, -5*y = -3*h + 1181 + 385. What are the prime factors of h?
2, 7, 19
Let y(t) = 10678*t**2 - 18*t - 2. List the prime factors of y(-1).
2, 5347
Let u(w) = -4*w**3 + 3*w - w**2 - 2 + 0 + 6. Let y be u(-2). What are the prime factors of (y/(2 + -4))/(2/(-26))?
13
Let p(b) be the second derivative of 34*b**3/3 + 41*b**2/2 - 92*b. What are the prime factors of p(4)?
313
Suppose -6*z = 2*o - 4*z - 86, 2*o + 3*z - 82 = 0. Suppose 0 = -4*w + 46*q - o*q + 1251, -1568 = -5*w + 3*q. What are the prime factors of w?
313
Let n be (-2)/(-3)*(-126)/(-28). Suppose 5*a - 208 = 4*g, -4*g = n*a - 48 - 96. Suppose -5*r + 437 = 4*z, -a = -3*r + z + 225. What are the prime factors of r?
89
Let z = -8261 - -13021. List the prime factors of z.
2, 5, 7, 17
Let x(h) be the third derivative of 25*h**4/12 + h**3/2 - 22*h**2. Let t be x(3). Let z = t + -62. List the prime factors of z.
7, 13
Let o(i) = 8*i + 6. Let l be o(1). Let q(u) = 40 - l*u - 24 + 30 - 11*u. What are the prime factors of q(-7)?
13, 17
Let n = 359 + -351. Suppose -n*j = -5253 - 699. What are the prime factors of j?
2, 3, 31
Let f(p) = -8*p + 1 + 1 - 5 - 24 - 11. What are the prime factors of f(-6)?
2, 5
Let w(u) = -2*u - 8. Let m be w(-5). Suppose m*p - 4 - 4 = 0. Suppose -2*q = -v - 3 + 60, 3*q = -p*v + 217. What are the prime factors of v?
5, 11
Let n(k) = 76*k + 56. Let c(g) = 228*g + 167. Let i(j) = -6*c(j) + 17*n(j). List the prime factors of i(-6).
2, 7, 29
Suppose 0 = -48*m + 51*m + 2*r - 27212, -3*m - 11*r = -27140. List the prime factors of m.
2, 2269
Let t(s) = 2*s**3 + 8*s**2 - 6*s + 17. Let z be t(-5). Let q be (z/(-6))/((-2 - 1)/(-1098)). Let j = 314 - q. What are the prime factors of j?
131
Let q be -3 + -3 + (2 - 2). Let r be 3 + q - (-2*80)/2. Suppose -r = 6*z - 287. List the prime factors of z.
5, 7
Let f be -1 + (-20)/(-16) + 985/(-4). Let x = 314 + f. List the prime factors of x.
2, 17
What are the prime factors of 20/(-5) + 4 + (-7287)/(-3)?
7, 347
Let y(q) = q**2 - q + 7. Let x(b) = b**2 + 10*b - 6. Let f be x(-11). Let i(o) = o**3 - 4*o**2 - 3*o - 6. Let p be i(f). What are the prime factors of y(p)?
19
Let b(r) = -130*r**3 + 2*r**2 + 35*r + 61. List the prime factors of b(-3).
2, 13, 67
Let b be (88/(-154) + (-36)/(-14))*1398. Suppose v = -j + 932, 2*j - v = -j + b. List the prime factors of j.
2, 233
Let a = 96 - -9. Let d = -98 + a. Suppose -d*u + z + 317 = -2*u, 0 = -5*z - 10. List the prime factors of u.
3, 7
Let i = 406 - 253. Suppose 148*p + 1105 = i*p. What are the prime factors of 17204/p + 4/26?
2, 3, 13
Let j(g) = -8*g**3 + g**2 + 2*g + 2. Let h be j(-1). Let y be 3 + (1 - h)/4 - -3. List the prime factors of y*(3 - 4)*-32.
2
What are the prime factors of (-2)/(-30)*-2 - 24736/(-120)?
2, 103
Let p be 2/7 + 828/42 + 4. Suppose 21*f - p*f = 78. List the prime factors of 219 + 1 - (30 + f).
2, 3
What are the prime factors of 204/(-5)*66*(-50)/60?
2, 3, 11, 17
Let s be (1 + -5 - -3)/((-2)/40). What are the prime factors of (-30)/s*24/(-9)*97?
2, 97
List the prime factors of 5/((-33)/(-11)*1/6663).
5, 2221
Suppose -21 = -7*p + 651. What are the prime factors of (-10 + 12 + -9)/((-2)/p)?
2, 3, 7
Suppose -4*k - 22372 = -3*v, 5*v + 107*k = 102*k + 37275. What are the prime factors of v?
2, 233
Suppose 5*c = 9*c - 104. Suppose c*m = 22*m + 2772. Suppose 0 = -h + 8*h - m. What are the prime factors of h?
3, 11
Let n = -25 - -69. Suppose -3*d + n - 7 = 5*f, 5*d - 15 = f. Let k(j) = 31*j - 13. What are the prime factors of k(f)?
2, 71
Let x = 46 + -37. Let w be (3/x)/(5/45). Suppose w*n = -3